tors of 39849420?
2, 3, 5, 13, 47, 1087
List the prime factors of 65363943.
3, 21787981
List the prime factors of 79091089.
7, 11, 17, 23, 37, 71
What are the prime factors of 195514101?
3, 7241263
What are the prime factors of 406267040?
2, 5, 97, 26177
List the prime factors of 93715823.
23, 4074601
What are the prime factors of 299064893?
107, 877, 3187
What are the prime factors of 6115313505?
3, 5, 7, 1229, 47389
List the prime factors of 1219471271.
37, 43, 131, 5851
What are the prime factors of 156532782?
2, 3, 7, 59, 181, 349
What are the prime factors of 1180931601?
3, 393643867
What are the prime factors of 1342444069?
19, 139, 661, 769
What are the prime factors of 505369215?
3, 5, 13, 863879
List the prime factors of 140547352.
2, 11, 1597129
What are the prime factors of 112564112?
2, 7035257
What are the prime factors of 1683786478?
2, 11, 76535749
List the prime factors of 215873656.
2, 26984207
List the prime factors of 1581927394.
2, 3253, 243149
List the prime factors of 43108117.
13, 743, 4463
What are the prime factors of 203719945?
5, 11, 13, 71, 4013
List the prime factors of 74441640.
2, 3, 5, 7, 13, 17, 401
List the prime factors of 5155290737.
26921, 191497
What are the prime factors of 69430403?
7, 71, 2851
What are the prime factors of 167252961?
3, 1151, 48437
List the prime factors of 937588990.
2, 5, 13, 811, 8893
List the prime factors of 1952231012.
2, 17539, 27827
List the prime factors of 27947875.
5, 23, 9721
List the prime factors of 148570585.
5, 29714117
What are the prime factors of 1070828299?
97, 179, 61673
What are the prime factors of 906779034?
2, 3, 7, 7196659
What are the prime factors of 1345540499?
19, 3727259
List the prime factors of 40177949.
7, 5739707
List the prime factors of 1849493774.
2, 924746887
What are the prime factors of 569027082?
2, 3, 13, 7295219
What are the prime factors of 144227196?
2, 3, 389, 3433
What are the prime factors of 80738290?
2, 5, 8073829
What are the prime factors of 418326860?
2, 5, 7, 2988049
List the prime factors of 33885641.
17, 1993273
What are the prime factors of 871799787?
3, 2267, 14243
List the prime factors of 230777715.
3, 5, 7, 181, 12143
List the prime factors of 35942596.
2, 907, 9907
List the prime factors of 23195203.
71, 326693
List the prime factors of 3099481.
7, 11, 40253
List the prime factors of 28333565.
5, 13, 349, 1249
What are the prime factors of 381016965?
3, 5, 7, 23, 157771
List the prime factors of 33226264.
2, 4153283
List the prime factors of 54745589.
23, 839, 2837
What are the prime factors of 143494189?
143494189
List the prime factors of 8022928693.
13, 617148361
List the prime factors of 1270489702.
2, 635244851
List the prime factors of 556970321.
61, 9130661
List the prime factors of 3860151033.
3, 2903, 443237
What are the prime factors of 247680102?
2, 3, 41280017
What are the prime factors of 2735136953?
17, 160890409
List the prime factors of 218730879.
3, 24303431
What are the prime factors of 425390454?
2, 3, 61, 4783
List the prime factors of 185546642.
2, 739, 125539
What are the prime factors of 489728849?
43, 11389043
List the prime factors of 63645816.
2, 3, 13, 137, 1489
List the prime factors of 3479865112.
2, 89, 109, 44839
What are the prime factors of 157537209?
3, 89, 590027
List the prime factors of 32558473.
617, 52769
List the prime factors of 1015117343.
1015117343
List the prime factors of 89843741.
13, 6911057
List the prime factors of 37678172.
2, 7, 1345649
List the prime factors of 103536609.
3, 11, 1579, 1987
What are the prime factors of 33804327?
3, 47, 5101
List the prime factors of 2977598799.
3, 7, 1750499
List the prime factors of 105153132.
2, 3, 7, 593, 2111
List the prime factors of 527548313.
61, 8648333
What are the prime factors of 171502407?
3, 487, 13043
What are the prime factors of 6847037679?
3, 41, 3407, 16339
List the prime factors of 181014821.
13, 43, 323819
List the prime factors of 110555993.
1187, 93139
What are the prime factors of 84727272?
2, 3, 7, 72047
List the prime factors of 12519867.
3, 163, 25603
What are the prime factors of 95724260?
2, 5, 4786213
What are the prime factors of 12344895?
3, 5, 41, 6691
What are the prime factors of 4228277588?
2, 23, 359, 128021
List the prime factors of 82234810.
2, 5, 7, 1174783
List the prime factors of 6130027160.
2, 5, 23, 6663073
List the prime factors of 30044132.
2, 7511033
List the prime factors of 277114704.
2, 3, 31, 43, 61, 71
What are the prime factors of 51833188?
2, 11, 1049, 1123
What are the prime factors of 2117994712?
2, 173, 1530343
List the prime factors of 286400211.
3, 41, 311, 7487
What are the prime factors of 4159263?
3, 97, 14293
What are the prime factors of 142740022?
2, 733, 97367
List the prime factors of 1391048100.
2, 3, 5, 13, 39631
List the prime factors of 108547429.
137, 792317
List the prime factors of 38306018.
2, 31, 359, 1721
List the prime factors of 526336246.
2, 263168123
What are the prime factors of 372334326?
2, 3, 7, 13, 681931
List the prime factors of 65366882.
2, 7, 95287
What are the prime factors of 27064341?
3, 19, 52757
List the prime factors of 3026801208.
2, 3, 126116717
What are the prime factors of 442230654?
2, 3, 73705109
What are the prime factors of 1057637484?
2, 3, 29378819
List the prime factors of 246073255.
5, 653, 75367
List the prime factors of 2056526598.
2, 3, 7, 19, 2577101
List the prime factors of 69319143.
3, 7702127
What are the prime factors of 38589165?
3, 5, 383, 2239
What are the prime factors of 2785570597?
2785570597
List the prime factors of 1693499926.
2, 101, 211, 39733
What are the prime factors of 2783462688?
2, 3, 29, 333269
List the prime factors of 6770447613.
3, 97, 337, 2557
List the prime factors of 130229569.
811, 160579
List the prime factors of 309021233.
309021233
List the prime factors of 35681318.
2, 3779, 4721
List the prime factors of 305417207.
23, 97, 136897
What are the prime factors of 21622307?
7, 67, 46103
What are the prime factors of 412088?
2, 51511
List the prime factors of 299056646.
2, 7, 433, 49333
What are the prime factors of 21802227?
3, 2617, 2777
What are the prime factors of 3223270?
2, 5, 322327
What are the prime factors of 979892819?
2393, 409483
What are the prime factors of 17439559?
17439559
List the prime factors of 59863474.
2, 11, 2721067
List the prime factors of 912698241.
3, 7, 13, 3343217
List the prime factors of 941576298.
2, 3, 13, 71, 170021
What are the prime factors of 266965150?
2, 5, 5339303
What are the prime factors of 239147014?
2, 41, 1013, 2879
What are the prime factors of 51423186?
2, 3, 181, 47351
What are the prime factors of 3777456421?
3777456421
What are the prime factors of 2306409589?
11, 109, 1923611
List the prime factors of 809886845.
5, 47, 3446327
What are the prime factors of 986665571?
83, 181, 65677
List the prime factors of 157146311.
7, 139, 161507
What are the prime factors of 25594291?
41, 624251
What are the prime factors of 463183357?
7, 13, 5089927
List the prime factors of 176267749.
7, 467, 7703
What are the prime factors of 37736405?
5, 7, 1078183
What are the prime factors of 355848035?
5, 71169607
List the prime factors of 939060598.
2, 7, 19, 72047
What are the prime factors of 6321785913?
3, 234140219
List the prime factors of 177036890.
2, 5, 17703689
What are the prime factors of 1397825793?
3, 7, 13, 157, 1553
List the prime factors of 233911871.
233911871
What are the prime factors of 84944878?
2, 67, 593, 1069
List the prime factors of 4001145959.
17, 235361527
List the prime factors of 5937061237.
24517, 242161
List the prime factors of 1273734225.
3, 5, 5661041
What are the prime factors of 324167858?
2, 7, 29, 798443
What are the prime factors of 1800306995?
5, 3539, 101741
What are the prime factors of 57056435?
5, 73, 156319
What are the prime factors of 28497704?
2, 829, 4297
List the prime factors of 2766501001.
11, 17, 14794123
List the prime factors of 659883461.
43, 15346127
List the prime factors of 1251164820.
2, 3, 5, 19, 1097513
What are the prime factors of 63842161?
227, 281243
List the prime factors of 66218384.
2, 4138649
What are the prime factors of 89946950?
2, 5, 19, 73, 1297
List the prime factors of 27533754.
2, 3, 1